e highest common factor of 10 and a.
10
Let r be (56/(-42))/(4/(-6)). Let j be 67/r + (-6)/(-12). Calculate the greatest common factor of j and 17.
17
Let i(k) be the first derivative of -k**3/3 - 5*k**2 - 6*k + 1. Suppose 0*l = -l - 8. Let s be i(l). What is the highest common divisor of s and 30?
10
Let i(k) = 3*k**2 + 6*k - 3. Let f be i(-3). Let b(q) = q**2 - 2*q + 3. Let y be b(2). Let l = y - 1. What is the highest common divisor of l and f?
2
Let j be -3 - ((-6)/(-3) - 30). Let v be 9/(-6)*20/(-3). Calculate the greatest common divisor of j and v.
5
Let r(g) = -7*g - 7. Let n be r(-4). Calculate the greatest common factor of n and 21.
21
Let p(c) = -2*c + 4. Let v be p(3). Let k(a) = -2*a**3 - a**2 - a + 2. Let z be k(v). Calculate the highest common divisor of 40 and z.
8
Suppose -5*f - 3*u + 94 = 0, 5*u + 52 = 4*f - 38. Calculate the greatest common divisor of 70 and f.
10
Let f be (6/8)/(12/32). Suppose 2*x + f*a = -2*a + 52, -3*x + 4*a = -128. Calculate the greatest common factor of 12 and x.
12
Suppose 0 = -2*a + 10 + 8. Let c be (-1)/2 - (-73)/2. Calculate the highest common factor of a and c.
9
Let r be 36/6*(-21)/(-9). Calculate the highest common divisor of r and 98.
14
Let g be 0 - (-6 - (2 + -5)). Let r be -1 + g*(3 - -2). Calculate the highest common factor of r and 42.
14
Let m(g) = g + 18. Let v(a) = a - 8. Let h be v(0). Let k be m(h). Calculate the greatest common factor of 2 and k.
2
Let s = -6 + 2. Let a be (9/(-6))/(2/s). Suppose -23 = -a*m + 4. What is the highest common divisor of 63 and m?
9
Let y be ((-15)/10)/((-6)/44). Calculate the highest common factor of 11 and y.
11
Let a(y) = -y**3 - 3*y**2 - y + 3. Let r be a(-3). Calculate the greatest common divisor of 9 and r.
3
Suppose 2 = 2*s + 4. Let u be s + 9 + 2 + 0. Calculate the highest common divisor of 30 and u.
10
Let p be 4/22 + 1255/55. What is the highest common factor of p and 207?
23
Let p be 2 + 2*(2 + 42). What is the highest common factor of 10 and p?
10
Let t be ((-6)/8)/(4/(-16)). Suppose -t*x + x + 80 = 0. What is the greatest common divisor of 16 and x?
8
Suppose 2*m - 10 = 0, 2*x + 1 = -5*m + 30. Suppose 2*i - 7*i + 5*v + 30 = 0, 0 = -4*i - x*v + 30. Calculate the greatest common factor of 28 and i.
7
Let z(p) = 18*p**3 - p + 1. Let l be z(1). Suppose 3*f = 4*s - 363, 3*s - f = 4*f + 275. Calculate the greatest common factor of l and s.
18
Let c = 170 - 164. Let o(w) = 24*w**2. Let f be o(-1). Calculate the highest common divisor of f and c.
6
Suppose 0*d + 5*p + 41 = 2*d, 4 = -4*p. Suppose -5*s + s = 8. Let h = 0 - s. Calculate the highest common factor of h and d.
2
Suppose -3*l + 1 = -11. Let d = 496 + -259. Suppose o = -2*t + 54, l*o - d = -0*o - t. Calculate the greatest common factor of 15 and o.
15
Let d(l) = 2*l - 8. Let r be d(6). Suppose -r*t = -2*y - 96, 19 = 5*y - 1. Calculate the greatest common divisor of 13 and t.
13
Suppose 2*u = 4*q + 592, 14 = 3*q - 1. Let h = u - 174. What is the greatest common divisor of 12 and h?
12
Let f be (-9)/(-2)*80/12. Suppose 2*r + 3*r = 60. Calculate the highest common factor of r and f.
6
Let z(y) = y**3 - 5*y**2 - 5*y - 3. Let f be z(6). Suppose -i + 45 + 5 = v, 0 = -f*v + 4*i + 150. What is the highest common factor of v and 20?
10
Let c be (331/2 - (-3)/(-6)) + 0. Calculate the highest common divisor of c and 15.
15
Let l(d) be the first derivative of d**4/4 + 8*d**3/3 + d**2/2 - 3*d - 4. Let h be l(-6). What is the highest common factor of h and 21?
21
Let n = 19 - 9. Let b be (28/(-10))/((-2)/n). Let w be -54*((-8)/6 + -1). What is the greatest common factor of b and w?
14
Suppose 0 = 4*x - 3*x - 63. What is the highest common factor of x and 7?
7
Suppose 0 = 3*r - 254 - 19. Calculate the highest common divisor of 13 and r.
13
Let d = 40 + -28. Suppose -g - 3*q = 7 - 28, -3*g = 2*q - 42. What is the greatest common factor of g and d?
12
Let l = 17 - 15. Suppose 46 = 3*r - l*t, -34 - 36 = -3*r - 4*t. What is the highest common divisor of 12 and r?
6
Suppose -51 = -2*h - 3*h + p, -5*p + 20 = 0. What is the highest common factor of 187 and h?
11
Let k(y) = y + 102. Let c be k(0). What is the highest common divisor of 51 and c?
51
Suppose 24*v - 728 = 10*v. Calculate the greatest common factor of 364 and v.
52
Let w be (0 + 3)*(-70)/(-6). Calculate the greatest common factor of w and 5.
5
Suppose -2*z + 0 = -v + 1, 0 = -z - v + 4. Suppose -3*s - 7 = 5*j - 29, -3*j + s + 16 = 0. Calculate the highest common divisor of z and j.
1
Let p = 2 - 1. Let n be p + 16 + (-1)/(-1). Let k = 42 + n. What is the highest common divisor of 24 and k?
12
Let m(l) = 5*l**2 - l + 1. Let f be m(1). What is the highest common divisor of f and 5?
5
Let x be (2/3)/((-6)/(-207)). Suppose -2*r - 2026 = -0*r. Let l be 3/(-12) - r/4. What is the greatest common divisor of x and l?
23
Suppose -7 = -z + 42. Let m be (-142)/(-9) - 6/(-27). Let v = -9 + m. What is the greatest common factor of v and z?
7
Let l(p) = p**2 - 5*p - 2. Let m be l(7). Suppose 0 = -2*c - 2*s + 2 + m, -4*c - 2*s = -22. Let b = 17 - -11. What is the greatest common factor of b and c?
4
Suppose 0 = w - 0*w - 2. Calculate the greatest common factor of 6 and w.
2
Suppose d = 3*d + 5*r - 92, 5*r - 128 = -3*d. Let x = 4 + 8. Calculate the highest common factor of d and x.
12
Let k(n) = -2*n + 6. Let w be k(-6). What is the highest common divisor of w and 2?
2
Let s(n) = -n**3 - 2*n**2 + 6*n + 4. Let q be s(-4). Let t be (111 + -1)*q/8. Calculate the greatest common factor of 15 and t.
15
Let p(d) = d + 11. Let c = 34 + -22. Suppose -c + 36 = -3*a. Let z be p(a). Calculate the greatest common factor of z and 1.
1
Let y(t) = t**2 + t - 4. Let n be y(-3). Suppose -90 - 40 = -n*p. What is the greatest common factor of p and 13?
13
Let x(u) = u + 14. Let w be x(-8). Let a(j) = 2*j - 7. Let f be a(6). Let t = 7 + f. What is the greatest common factor of t and w?
6
Let l(b) = b + 7. Let y be l(12). Calculate the highest common divisor of 209 and y.
19
Suppose -37 = -3*l - 1. Calculate the greatest common factor of l and 60.
12
Let w = -18 + 27. Let r be 2/6 - 4/(-6). Suppose -5*g = -4*k - 221, -r = -g + 4*k + 40. What is the greatest common factor of g and w?
9
Let c(i) = i**3 + 12*i**2 + 8*i - 16. Let k be c(-11). What is the greatest common factor of k and 119?
17
Let k(t) be the first derivative of 5*t - 3 + 5/2*t**2 + 1/3*t**3. Let g be k(5). Calculate the greatest common divisor of g and 5.
5
Suppose -3*s = -6*s + 312. Let n(t) = t**2 + 3*t - 5. Let r be n(-6). What is the highest common divisor of r and s?
13
Suppose 2*b = -2*b - 16. Let o = 28 - b. Calculate the greatest common divisor of 16 and o.
16
Suppose 0 = -4*o + 6*o - 12. Let l be -1*(-2 - (-2)/(-2)). Calculate the greatest common factor of o and l.
3
Let z = 42 + 2. Let o be (4 - 1)/((-3)/(-4)). What is the highest common factor of o and z?
4
Suppose 7*v + 100 = 163. Let w be -15*(1 - (-14)/(-10)). Let y be (-296)/(-3) + 2/w. Calculate the highest common divisor of y and v.
9
Suppose 3*i + 23 = 4*f + 112, -3*f + 65 = 2*i. Suppose -v = -z + 2*z - i, -15 = -v + 3*z. What is the greatest common factor of v and 9?
9
Suppose 0*a + 4*a = 16. Let n(o) = o**3 + 17*o**2 + 29*o - 7. Let b be n(-15). What is the highest common factor of b and a?
4
Let p = -1 - -3. Suppose o = -b - p - 0, b - 10 = -5*o. What is the highest common factor of o and 6?
3
Let n = 324 - 228. What is the highest common divisor of 12 and n?
12
Suppose 4*s = -0 + 48. Let z be -4 + 4/2 - -110. Calculate the greatest common factor of z and s.
12
Suppose 4*s + 6 = -2*z, s + 0*s = 3*z - 12. Let m = s + 5. Let o be (m/4)/(4/320). Calculate the greatest common factor of 10 and o.
10
Suppose 0*c - c + 20 = 0. Suppose c = -4*s, -4*s - s - 64 = -q. Suppose q = 5*f - 21. What is the highest common factor of 132 and f?
12
Suppose -2*y = l - 15, -12 = -4*y + 5*l + 39. Calculate the highest common divisor of y and 27.
9
Suppose -88 = -g - g. Suppose 0 = -5*c + g - 14. What is the greatest common divisor of 36 and c?
6
Let l(z) = z**2 + z + 2. Let o(j) = -j**2 + 3*j. Let i be o(4). Let p be l(i). Calculate the highest common divisor of 56 and p.
14
Let c = -195 - -325. What is the greatest common divisor of 26 and c?
26
Let x = -176 - -203. What i